ivided by 14?
6
Let f = 57 + -2. What is the remainder when f is divided by (-6)/39 + (-368)/(-26)?
13
Suppose 6 = -2*h - 4*v, 0 = h - 2*h + 2*v + 13. What is the remainder when 2 + 7/1 - 0 is divided by h?
4
Suppose 2*f + 48 = 5*f. What is the remainder when -3 + 3 - (1 + -62) is divided by f?
13
Let r be (0 + -3 - 0) + 4. Calculate the remainder when 37 is divided by r - (-14 + 1) - 1.
11
Suppose 2*c = -c + 12. Suppose 2*j = c*h - 0*j - 262, -3*h = j - 194. Let g = 20 + 2. What is the remainder when h is divided by g?
21
Let d(q) = -3*q - 7. Let f be d(-5). Let b = 12 - f. Suppose -5*h + 71 = 4*p, 56 = b*h + 4*p - p. What is the remainder when h is divided by 6?
5
Suppose 4*d = -u + d + 67, 3*d = u - 61. What is the remainder when u is divided by 13?
12
Let s be 3 + (-4 + 0)/4. Suppose -s*k + 210 = k. Calculate the remainder when k is divided by 18.
16
Let z = 242 + -128. Suppose 3*s = -0*s - z. What is the remainder when (s/(-3))/(2/6) is divided by 13?
12
Let s(m) = -m**2 + m + 14. Let d = -5 + 10. Suppose -d*y + y + 108 = 0. What is the remainder when y is divided by s(0)?
13
Calculate the remainder when 12/(-4) + 6 - -4 is divided by 4.
3
Let n be -1*(-2 + 3) + 4. Suppose 23 = 3*h - 2*f - 39, -3*f = n. What is the remainder when h is divided by 7?
6
Let u(b) = -b**3 + 3*b + 1. Suppose -4*f = f - 35. Calculate the remainder when f is divided by u(-2).
1
Let z = 19 - -9. What is the remainder when z is divided by 10?
8
What is the remainder when 110 is divided by (40/(-30) - 182/(-6))*1?
23
Suppose -1 = -5*k + 64. What is the remainder when 51 is divided by k?
12
Let l(w) = w**2 + 16*w - 3. Let c be l(-7). Suppose -4*n + 3*n = -22. Calculate the remainder when n is divided by (-2)/(-3) + c/(-9).
6
Let q = -7 + 11. Let p = -1 - -3. Suppose -p*l + 18 = l. Calculate the remainder when l is divided by q.
2
Let l(m) be the third derivative of -19*m**4/6 - m**3/6 + m**2. Let x be l(-1). Calculate the remainder when ((-6)/(-9))/(2/x) is divided by 9.
7
Let d = 29 + -27. Suppose -20 = -d*t + 28. Let y = 39 + 7. What is the remainder when y is divided by t?
22
Suppose 2 = -h + 85. What is the remainder when h is divided by 17?
15
What is the remainder when 93 is divided by (-24)/(2 - -2 - 114/24)?
29
Suppose 0 = -0*v - 2*v + 52. Calculate the remainder when 129 is divided by v.
25
Suppose 0 = 5*p - p - 24. Let v = -5 + p. What is the remainder when 1 - (-2 - v*16) is divided by 10?
9
Let s(a) = a**2 - a. Let f(c) = -3*c**2 + 1. Let v(b) = f(b) + 4*s(b). Let m = 56 - 40. Calculate the remainder when m is divided by v(5).
4
Suppose -4*p - 2*i = -3*p - 17, 0 = -3*p - 5*i + 50. Let t = 10 - 2. Calculate the remainder when p is divided by t.
7
Let w = 67 + -55. Calculate the remainder when 167 is divided by w.
11
Let k(u) = u**2 - 2*u - 7. Let n be k(5). Suppose 11 = 2*c + 3*b, 5*b - 16 = -4*c + b. What is the remainder when 18/n - (-2)/(-8) is divided by c?
0
Let w be 34/(2 - (0 + 0)). Suppose 4*s - w = t, 1 + 5 = 2*t. Let n(o) = 3*o**2 + o + 2. What is the remainder when n(-2) is divided by s?
2
Suppose -2*v = 2, 2*k = -v + 1 - 6. What is the remainder when (k/(-4))/((-3)/(-36)) is divided by (1/2)/(2/16)?
2
What is the remainder when 20 is divided by -5*(-2 - -1) + (-15)/(-5)?
4
Let d(u) = -u + 8. Suppose 4*l - 16 = -0*l. Let z = -7 - -17. What is the remainder when z is divided by d(l)?
2
Let a = 47 - 33. What is the remainder when a is divided by 9?
5
Let j = 83 + -69. What is the remainder when 37 is divided by j?
9
What is the remainder when 37/(2/(-16)*-4) is divided by 15?
14
Let n(t) = 5*t**2 - 1. Let y be n(-1). Let w = 34 - 19. Calculate the remainder when w is divided by 29/y - (-9)/12.
7
Let s(a) = -3*a**3 - 2*a**2 + a. Suppose 2*w + 2*n - 9 = 43, -2*w - 5*n = -52. What is the remainder when w is divided by s(-2)?
12
Let s(y) = 3*y**2 + 7*y + 12. Let n be s(9). Suppose 2*i + 5*w - 131 = -0*i, -3*w = 5*i - n. What is the remainder when i is divided by 22?
19
Let s(h) = -h**3 + 16*h**2 + 3*h + 11. Suppose -2*j = j - 60. Calculate the remainder when s(16) is divided by j.
19
Suppose -2*g + 14 = -2*t - 0, -4*t = 5*g + 10. What is the remainder when 6 is divided by g?
0
Let i be 2/2*-2 + 7. Suppose 0 = -2*r - 5*b + 9, b - i*b + 17 = 3*r. What is the remainder when r is divided by 3?
1
Let f = -35 - -62. Calculate the remainder when f is divided by 7.
6
Let g(a) = a**3 + 6*a**2 + 4*a - 3. What is the remainder when 37 is divided by g(-4)?
11
Suppose 119 = 2*p + 5*h, h - 3*h + 10 = 0. What is the remainder when p is divided by 17?
13
Suppose -28 = -0*b - 5*b - 4*t, -2*t + 16 = 3*b. Suppose 0 = u + 2*u - 15. Suppose u*l - 1 = 24. What is the remainder when l is divided by b?
1
Let t = 40 + -26. Suppose -12 = -3*j + 2*x - 4*x, j - 2*x + 4 = 0. Let y = j + t. What is the remainder when 47 is divided by y?
15
Let j(q) = q**3 - 7*q**2 + 9*q - 1. What is the remainder when j(7) is divided by 21?
20
Let s(q) = 3*q**2 + 2*q**2 - q**2 + 4 - q**3. Let k = 90 - 65. What is the remainder when k is divided by s(3)?
12
Suppose 4*c = 3*d - 34, 10 = -2*c + 2. What is the remainder when d is divided by 3?
0
Suppose 9*v + 154 = 1756. What is the remainder when v is divided by 36?
34
Suppose 3*c - 68 = -20. What is the remainder when 60 is divided by c?
12
Let g = 100 + -55. Let o = 14 - 2. What is the remainder when g is divided by o?
9
Let z be 3 + -3 + 2/2. Suppose -2*l = -17 + z. What is the remainder when l is divided by 3?
2
Suppose -111 = 4*u + 3*k, 4*u - k + 126 = k. Calculate the remainder when u/(-24) - (-1)/(-4) is divided by 1.
0
Let a(b) = -b**2 + 9*b - 6. Let l be a(8). Suppose 3*n - 5*u - 24 = 0, 2*u + 27 = 5*n - 2*u. What is the remainder when n is divided by 1/(3/12*l)?
1
Let k be (-3)/(9/1)*-3. Let z(x) = 66*x**3 - 2*x**2 + x. Let s be z(k). Let m = 97 - s. Calculate the remainder when m is divided by 17.
15
Suppose -d = 4*c + 3*d + 72, -c - 30 = 4*d. Let x = -10 - c. Suppose -4*z + 6 = -4*g - 14, 3*g + 9 = 0. Calculate the remainder when x is divided by z.
0
Let x(o) = -4*o - 5. What is the remainder when x(-8) is divided by (6/(-3) - -2) + 14?
13
Let h(f) = -3*f**3 - 2*f**2 + 4*f. Calculate the remainder when h(-3) is divided by 13.
12
What is the remainder when 83*((-2)/(-7) + (-10)/(-14)) is divided by 17?
15
Let k(z) = -z**2 + 5*z + 2. Let y be k(5). Let q = 6 - y. Calculate the remainder when q is divided by 3.
1
Suppose 5*y + 11 = 2*s - 19, s - y - 9 = 0. Suppose 0 = -s*g + 18 + 77. What is the remainder when (57 - 1)/((-1)/(-1)) is divided by g?
18
Suppose 2*n + 2*n - 37 = -3*f, 4*f = -20. Calculate the remainder when 24 is divided by n.
11
Suppose d - p + 319 = 6*d, 5*d + 4*p = 331. What is the remainder when d is divided by 13?
11
Let v(g) = 15*g**3 - 1. What is the remainder when v(2) is divided by 30?
29
Let p = 244 - 210. Calculate the remainder when p is divided by 18.
16
What is the remainder when 121 is divided by (-2)/(2/(-27)) - -4?
28
Let l be (-4)/12 - 13/(-3). Suppose 5*i = -4*t + 52, 0 = l*t - 2*i - 11 - 13. What is the remainder when t is divided by 5?
3
What is the remainder when 19 is divided by (1/(-2))/(3/(-66))?
8
Let b(o) = 3*o - 6. Let k be 1*-2 + (7 - 1). Suppose -t + 3*t + 3*i = 8, 4*t - 16 = k*i. Calculate the remainder when 23 is divided by b(t).
5
Suppose 0*f = -3*f - 5*x - 3, 2*f = -2*x - 6. Let i = 20 + f. Suppose j + 8 = 2*j. What is the remainder when i is divided by j?
6
Let v = 42 - 31. What is the remainder when 75 is divided by v?
9
Let u(y) = -y - 4. Let v be u(-7). Suppose 0*a + a + 5*o = 23, v*o = -4*a + 24. Calculate the remainder when 13 is divided by a.
1
Calculate the remainder when 49 is divided by (-2)/(-7) + 1335/105.
10
Let z = 20 + -14. Suppose -8*g + 3*g - 63 = m, 5*g - 5*m = -45. Calculate the remainder when g/30 + (-57)/(-5) is divided by z.
5
Suppose -10*o + 30 = -4*o. Suppose 59 = -0*b + b. Suppose 3*q = b - 2. What is the remainder when q is divided by o?
4
Let g(j) = -33*j - 8. What is the remainder when g(-2) is divided by 30?
28
Suppose -5*q = -46 - 84. Let v = -6 + q. What is the remainder when 38 is divided by v?
18
Suppose -3*i + 16 = -2*i. Calculate the remainder when 25 is divided by i.
9
Suppose 0 = -5*r + 4*u + 60, u = 3*r + 4*u - 63. Let b = r + 8. Calculate the remainder